{"id":3252,"date":"2017-03-24T16:02:32","date_gmt":"2017-03-24T16:02:32","guid":{"rendered":"http:\/\/vuce.gub.uy\/staging1500\/?page_id=3252"},"modified":"2017-03-24T16:02:32","modified_gmt":"2017-03-24T16:02:32","slug":"loginpf","status":"publish","type":"page","link":"https:\/\/vuce.gub.uy\/staging1500\/loginpf\/","title":{"rendered":"Login en el Sistema"},"content":{"rendered":"<p><strong>Ingreso a VUCE:<\/strong><\/p>\n<p>Debes ingresar a nuestra p\u00e1gina institucional&#160;<a href=\"http:\/\/vuce.uy\/\">vuce.uy<\/a>. En el extremo superior derecho (<span style=\"color: #339966;\">recuadro verde<\/span>) encontrar\u00e1s el enlace para acceder al sistema.<\/p>\n<p><img decoding=\"async\" src=\"http:\/\/vuce.gub.uy\/staging1500\/wp-content\/uploads\/2017\/03\/acceso-1.png\" alt=\"\" height=\"138\" width=\"533\" \/><\/p>\n<p>Al acceder, se desplegar\u00e1 la pantalla de ingreso donde se deber\u00e1 ingresar: pa\u00eds del documento (el documento con el que hiciste el registro), tipo de documento (c\u00e9dula o pasaporte), usuario (n\u00famero de documento, sin puntos ni guiones) y contrase\u00f1a; luego de ingresado los datos deber\u00e1 presionar \u201cEnter\u201d (<span style=\"color: #339966;\">recuadro verde<\/span>).<\/p>\n<p><img decoding=\"async\" src=\"http:\/\/vuce.gub.uy\/staging1500\/wp-content\/uploads\/2017\/03\/login1.png\" alt=\"\" height=\"332\" width=\"215\" \/><\/p>\n<p>Seguidamente se visualizar\u00e1 una segunda pantalla en la cual se deber\u00e1 ingresar para quien se desea trabajar, se solicitar\u00e1 nuevamente la contrase\u00f1a (<span style=\"color: #339966;\">recuadro verde<\/span>), finalmente presionar el bot\u00f3n confirmar:<\/p>\n<p><img decoding=\"async\" src=\"http:\/\/vuce.gub.uy\/staging1500\/wp-content\/uploads\/2017\/03\/login2.png\" alt=\"\" height=\"228\" width=\"199\" \/><\/p>\n<ul>\n<li>Si usted se encuentra trabajando como un PARTICULAR (Persona F\u00edsica). Deber\u00e1 elegir la opci\u00f3n que tiene su nombre completo.<\/li>\n<li>Si usted se encuentra trabajando como una EMPRESA (Persona Jur\u00eddica). Deber\u00e1 elegir la opci\u00f3n que tiene la raz\u00f3n social de la empresa.<\/li>\n<li>Si usted se encuentra trabajando como un ORGANISMO. Deber\u00e1 elegir la opci\u00f3n correspondiente al departamento \/ dependencia para el cual desea trabajar.<\/li>\n<\/ul>\n<p>Recordar que la contrase\u00f1a a digitar ser\u00e1 la recibida en la casilla de correo enviada al realizar la solicitud de usuario; la misma&#160; est\u00e1 compuesta por la combinaci\u00f3n de n\u00fameros y letras, la que podr\u00e1 ser cambiada una dentro del sistema desde el men\u00fa operaciones\/administraci\u00f3n\/cambio de contrase\u00f1a.<\/p>\n","protected":false},"excerpt":{"rendered":"<p>Ingreso a VUCE: Debes ingresar a nuestra p\u00e1gina institucional&#160;vuce.uy. En el [&hellip;]<\/p>\n","protected":false},"author":1,"featured_media":0,"parent":0,"menu_order":0,"comment_status":"closed","ping_status":"closed","template":"","meta":{"footnotes":""},"yoast_head":"<!-- This site is optimized with the Yoast SEO plugin v21.5 - https:\/\/yoast.com\/wordpress\/plugins\/seo\/ -->\n<title>Login en el Sistema - VUCE<\/title>\n<meta name=\"robots\" content=\"index, follow, max-snippet:-1, max-image-preview:large, max-video-preview:-1\" \/>\n<link rel=\"canonical\" href=\"https:\/\/vuce.gub.uy\/staging1500\/loginpf\/\" \/>\n<meta property=\"og:locale\" content=\"es_ES\" \/>\n<meta property=\"og:type\" content=\"article\" \/>\n<meta property=\"og:title\" content=\"Login en el Sistema - VUCE\" \/>\n<meta property=\"og:description\" content=\"Ingreso a VUCE: Debes ingresar a nuestra p\u00e1gina institucional&#160;vuce.uy. En el [&hellip;]\" \/>\n<meta property=\"og:url\" content=\"https:\/\/vuce.gub.uy\/staging1500\/loginpf\/\" \/>\n<meta property=\"og:site_name\" content=\"VUCE\" \/>\n<meta property=\"og:image\" content=\"http:\/\/vuce.gub.uy\/staging1500\/wp-content\/uploads\/2017\/03\/acceso-1.png\" \/>\n<meta name=\"twitter:card\" content=\"summary_large_image\" \/>\n<meta name=\"twitter:label1\" content=\"Tiempo de lectura\" \/>\n\t<meta name=\"twitter:data1\" content=\"1 minuto\" \/>\n<script type=\"application\/ld+json\" class=\"yoast-schema-graph\">{\"@context\":\"https:\/\/schema.org\",\"@graph\":[{\"@type\":\"WebPage\",\"@id\":\"https:\/\/vuce.gub.uy\/staging1500\/loginpf\/\",\"url\":\"https:\/\/vuce.gub.uy\/staging1500\/loginpf\/\",\"name\":\"Login en el Sistema - VUCE\",\"isPartOf\":{\"@id\":\"https:\/\/vuce.gub.uy\/staging1500\/#website\"},\"datePublished\":\"2017-03-24T16:02:32+00:00\",\"dateModified\":\"2017-03-24T16:02:32+00:00\",\"breadcrumb\":{\"@id\":\"https:\/\/vuce.gub.uy\/staging1500\/loginpf\/#breadcrumb\"},\"inLanguage\":\"es-AR\",\"potentialAction\":[{\"@type\":\"ReadAction\",\"target\":[\"https:\/\/vuce.gub.uy\/staging1500\/loginpf\/\"]}]},{\"@type\":\"BreadcrumbList\",\"@id\":\"https:\/\/vuce.gub.uy\/staging1500\/loginpf\/#breadcrumb\",\"itemListElement\":[{\"@type\":\"ListItem\",\"position\":1,\"name\":\"Inicio\",\"item\":\"https:\/\/vuce.gub.uy\/staging1500\/\"},{\"@type\":\"ListItem\",\"position\":2,\"name\":\"Login en el Sistema\"}]},{\"@type\":\"WebSite\",\"@id\":\"https:\/\/vuce.gub.uy\/staging1500\/#website\",\"url\":\"https:\/\/vuce.gub.uy\/staging1500\/\",\"name\":\"VUCE\",\"description\":\"\",\"potentialAction\":[{\"@type\":\"SearchAction\",\"target\":{\"@type\":\"EntryPoint\",\"urlTemplate\":\"https:\/\/vuce.gub.uy\/staging1500\/?s={search_term_string}\"},\"query-input\":\"required name=search_term_string\"}],\"inLanguage\":\"es-AR\"}]}<\/script>\n<!-- \/ Yoast SEO plugin. -->","yoast_head_json":{"title":"Login en el Sistema - VUCE","robots":{"index":"index","follow":"follow","max-snippet":"max-snippet:-1","max-image-preview":"max-image-preview:large","max-video-preview":"max-video-preview:-1"},"canonical":"https:\/\/vuce.gub.uy\/staging1500\/loginpf\/","og_locale":"es_ES","og_type":"article","og_title":"Login en el Sistema - VUCE","og_description":"Ingreso a VUCE: Debes ingresar a nuestra p\u00e1gina institucional&#160;vuce.uy. En el [&hellip;]","og_url":"https:\/\/vuce.gub.uy\/staging1500\/loginpf\/","og_site_name":"VUCE","og_image":[{"url":"http:\/\/vuce.gub.uy\/staging1500\/wp-content\/uploads\/2017\/03\/acceso-1.png"}],"twitter_card":"summary_large_image","twitter_misc":{"Tiempo de lectura":"1 minuto"},"schema":{"@context":"https:\/\/schema.org","@graph":[{"@type":"WebPage","@id":"https:\/\/vuce.gub.uy\/staging1500\/loginpf\/","url":"https:\/\/vuce.gub.uy\/staging1500\/loginpf\/","name":"Login en el Sistema - VUCE","isPartOf":{"@id":"https:\/\/vuce.gub.uy\/staging1500\/#website"},"datePublished":"2017-03-24T16:02:32+00:00","dateModified":"2017-03-24T16:02:32+00:00","breadcrumb":{"@id":"https:\/\/vuce.gub.uy\/staging1500\/loginpf\/#breadcrumb"},"inLanguage":"es-AR","potentialAction":[{"@type":"ReadAction","target":["https:\/\/vuce.gub.uy\/staging1500\/loginpf\/"]}]},{"@type":"BreadcrumbList","@id":"https:\/\/vuce.gub.uy\/staging1500\/loginpf\/#breadcrumb","itemListElement":[{"@type":"ListItem","position":1,"name":"Inicio","item":"https:\/\/vuce.gub.uy\/staging1500\/"},{"@type":"ListItem","position":2,"name":"Login en el Sistema"}]},{"@type":"WebSite","@id":"https:\/\/vuce.gub.uy\/staging1500\/#website","url":"https:\/\/vuce.gub.uy\/staging1500\/","name":"VUCE","description":"","potentialAction":[{"@type":"SearchAction","target":{"@type":"EntryPoint","urlTemplate":"https:\/\/vuce.gub.uy\/staging1500\/?s={search_term_string}"},"query-input":"required name=search_term_string"}],"inLanguage":"es-AR"}]}},"_links":{"self":[{"href":"https:\/\/vuce.gub.uy\/staging1500\/wp-json\/wp\/v2\/pages\/3252"}],"collection":[{"href":"https:\/\/vuce.gub.uy\/staging1500\/wp-json\/wp\/v2\/pages"}],"about":[{"href":"https:\/\/vuce.gub.uy\/staging1500\/wp-json\/wp\/v2\/types\/page"}],"author":[{"embeddable":true,"href":"https:\/\/vuce.gub.uy\/staging1500\/wp-json\/wp\/v2\/users\/1"}],"replies":[{"embeddable":true,"href":"https:\/\/vuce.gub.uy\/staging1500\/wp-json\/wp\/v2\/comments?post=3252"}],"version-history":[{"count":0,"href":"https:\/\/vuce.gub.uy\/staging1500\/wp-json\/wp\/v2\/pages\/3252\/revisions"}],"wp:attachment":[{"href":"https:\/\/vuce.gub.uy\/staging1500\/wp-json\/wp\/v2\/media?parent=3252"}],"curies":[{"name":"wp","href":"https:\/\/api.w.org\/{rel}","templated":true}]}}